est common divisor of 26 and 2106?
26
What is the highest common factor of 20 and 1444?
4
What is the greatest common divisor of 25 and 275?
25
Calculate the highest common divisor of 9440 and 20.
20
What is the greatest common divisor of 93 and 156?
3
Calculate the highest common divisor of 10 and 135.
5
What is the greatest common factor of 1677 and 516?
129
Calculate the highest common factor of 31212 and 108.
108
What is the highest common divisor of 12 and 220?
4
Calculate the greatest common factor of 350 and 1267.
7
Calculate the highest common divisor of 391 and 17.
17
Calculate the highest common factor of 699 and 3.
3
Calculate the greatest common factor of 71 and 4189.
71
What is the greatest common divisor of 384 and 216?
24
What is the greatest common factor of 66 and 18?
6
Calculate the highest common factor of 2584 and 532.
76
Calculate the highest common divisor of 93 and 713.
31
Calculate the greatest common factor of 12796 and 28.
28
What is the highest common divisor of 3822 and 1014?
78
What is the greatest common factor of 62349 and 21?
21
What is the highest common factor of 42 and 609?
21
Calculate the greatest common divisor of 294 and 1372.
98
What is the greatest common factor of 9 and 4?
1
Calculate the highest common factor of 48 and 432.
48
What is the greatest common divisor of 544 and 64?
32
What is the highest common factor of 1978 and 43?
43
Calculate the highest common factor of 28 and 469.
7
Calculate the highest common factor of 10 and 1405.
5
What is the greatest common factor of 24 and 648?
24
What is the highest common factor of 122 and 4087?
61
What is the greatest common divisor of 39 and 195?
39
Calculate the greatest common factor of 171 and 228.
57
What is the highest common factor of 73 and 1168?
73
What is the greatest common divisor of 11 and 539?
11
What is the greatest common factor of 672 and 21?
21
What is the highest common divisor of 1702 and 92?
46
What is the highest common factor of 154 and 3960?
22
What is the highest common divisor of 49 and 27783?
49
What is the highest common divisor of 140 and 145?
5
What is the greatest common factor of 66 and 44?
22
What is the highest common divisor of 312 and 27066?
78
What is the greatest common factor of 25 and 485?
5
What is the greatest common factor of 1139 and 1072?
67
Calculate the greatest common factor of 9 and 1737.
9
Calculate the greatest common divisor of 21 and 3871.
7
What is the greatest common divisor of 5088 and 159?
159
What is the highest common divisor of 9 and 2313?
9
Calculate the greatest common divisor of 19 and 29.
1
Calculate the greatest common factor of 558 and 36.
18
Calculate the highest common factor of 3180 and 12.
12
Calculate the greatest common divisor of 60 and 390.
30
What is the highest common divisor of 20 and 48?
4
What is the highest common factor of 11 and 583?
11
What is the highest common factor of 18 and 7434?
18
What is the greatest common divisor of 1120 and 540?
20
Calculate the highest common factor of 46 and 16.
2
Calculate the greatest common divisor of 1773 and 9.
9
Calculate the greatest common factor of 464 and 56.
8
What is the highest common divisor of 10058 and 94?
94
What is the highest common divisor of 12375 and 99?
99
What is the greatest common factor of 12768 and 1995?
399
What is the greatest common factor of 972 and 48?
12
What is the greatest common divisor of 235 and 94?
47
What is the greatest common factor of 83 and 8051?
83
What is the greatest common divisor of 11 and 341?
11
What is the greatest common divisor of 89 and 8633?
89
What is the greatest common factor of 206 and 5562?
206
What is the greatest common divisor of 21252 and 69?
69
Calculate the greatest common factor of 201 and 67.
67
What is the greatest common factor of 1155 and 44?
11
What is the highest common factor of 16962 and 66?
66
What is the greatest common divisor of 297 and 99?
99
What is the highest common factor of 4233 and 136?
17
What is the greatest common factor of 9435 and 765?
255
What is the highest common divisor of 266 and 494?
38
Calculate the greatest common factor of 135 and 4077.
27
What is the greatest common divisor of 15198 and 34?
34
What is the greatest common factor of 148 and 86?
2
Calculate the greatest common factor of 67 and 9380.
67
What is the greatest common divisor of 217 and 806?
31
What is the highest common factor of 30 and 250?
10
Calculate the greatest common factor of 5650 and 226.
226
Calculate the highest common divisor of 261 and 36.
9
Calculate the greatest common factor of 343 and 7.
7
What is the highest common factor of 459 and 102?
51
Calculate the greatest common factor of 725 and 5.
5
Calculate the greatest common divisor of 6080 and 228.
76
What is the greatest common divisor of 132 and 66?
66
What is the greatest common divisor of 9 and 2952?
9
What is the greatest common divisor of 50 and 2370?
10
What is the greatest common divisor of 5760 and 210?
30
What is the highest common divisor of 99 and 45?
9
What is the highest common divisor of 2546 and 134?
134
Calculate the greatest common divisor of 84 and 294.
42
What is the highest common divisor of 1536 and 24?
24
Calculate the greatest common divisor of 4 and 236.
4
Calculate the highest common factor of 8 and 16288.
8
What is the greatest common factor of 2445 and 255?
15
What is the greatest common divisor of 497 and 142?
71
What is the highest common divisor of 315 and 175?
35
Calculate the greatest common divisor of 45 and 5.
5
What is the greatest common divisor of 42 and 12?
6
Calculate the highest common factor of 21378 and 42.
42
Calculate the highest common factor of 288 and 873.
9
Calculate the greatest common factor of 56 and 98.
14
What is the highest common factor of 77 and 473?
11
Calculate the highest common factor of 651 and 21.
21
What is the highest common factor of 6 and 90?
6
What is the greatest common factor of 224 and 42?
14
Calculate the highest common factor of 40 and 328.
8
Calculate the greatest common divisor of 2336 and 3212.
292
What is the greatest common factor of 141 and 329?
47
What is the highest common divisor of 17 and 1?
1
Calculate the highest common factor of 51 and 4709.
17
What is the highest common factor of 80 and 260?
20
Calculate the highest common factor of 931 and 76.
19
What is the highest common factor of 178 and 2403?
89
What is the highest common factor of 11 and 8437?
11
Calculate the highest common divisor of 2655 and 30.
15
Calculate the greatest common divisor of 1668 and 18.
6
Calculate the greatest common factor of 15 and 93.
3
Calculate the highest common factor of 2928 and 48.
48
Calculate the greatest common factor of 1206 and 36.
18
What is the greatest common factor of 136 and 51?
17
Calculate the greatest common divisor of 442 and 170.
34
Calculate the greatest common divisor of 2299 and 114.
19
Calculate the greatest common divisor of 5992 and 280.
56
What is the greatest common divisor of 1414 and 3232?
202
What is the greatest common divisor of 56 and 322?
14
What is the greatest common divisor of 1320 and 3410?
110
What is the highest common factor of 69 and 138?
69
Calculate the highest common factor of 20 and 84.
4
What is the greatest common divisor of 3830 and 10?
10
Calculate the greatest common divisor of 122 and 6.
2
Calculate the highest common factor of 15 and 41.
1
What is the greatest common divisor of 10932 and 12?
12
What is the greatest common divisor of 9 and 3969?
9
Calculate the greatest common factor of 33 and 209.
11
What is the highest common divisor of 216 and 8?
8
Calculate the greatest common divisor of 584 and 1533.
73
What is the greatest common divisor of 299 and 23?
23
What is the greatest common factor of 3234 and 66?
66
What is the highest common divisor of 76 and 20596?
76
What is the highest common divisor of 8 and 904?
8
Calculate the greatest common divisor of 132 and 16764.
132
Calculate the greatest common factor of 115 and 23460.
115
Calculate the highest common divisor of 315 and 2961.
63
Calculate the highest common divisor of 52 and 234.
26
What is the highest common divisor of 768 and 48?
48
Calculate the highest common divisor of 3275 and 50.
25
What is the highest common factor of 200 and 50?